[INFO] fetching crate actix-web-lab-derive 0.19.0...
[INFO] checking actix-web-lab-derive-0.19.0 against master#9610dfe5a9a731ced1ea4923ecbd0c57fe367898 for beta-170-4
[INFO] extracting crate actix-web-lab-derive 0.19.0 into /workspace/builds/worker-7-tc1/source
[INFO] validating manifest of crates.io crate actix-web-lab-derive 0.19.0 on toolchain 9610dfe5a9a731ced1ea4923ecbd0c57fe367898
[INFO] running `Command { std: CARGO_HOME="/workspace/cargo-home" RUSTUP_HOME="/workspace/rustup-home" "/workspace/cargo-home/bin/cargo" "+9610dfe5a9a731ced1ea4923ecbd0c57fe367898" "metadata" "--manifest-path" "Cargo.toml" "--no-deps", kill_on_drop: false }`
[INFO] started tweaking crates.io crate actix-web-lab-derive 0.19.0
[INFO] finished tweaking crates.io crate actix-web-lab-derive 0.19.0
[INFO] tweaked toml for crates.io crate actix-web-lab-derive 0.19.0 written to /workspace/builds/worker-7-tc1/source/Cargo.toml
[INFO] running `Command { std: CARGO_HOME="/workspace/cargo-home" RUSTUP_HOME="/workspace/rustup-home" __CARGO_TEST_CHANNEL_OVERRIDE_DO_NOT_USE_THIS="nightly" "/workspace/cargo-home/bin/cargo" "+9610dfe5a9a731ced1ea4923ecbd0c57fe367898" "generate-lockfile" "--manifest-path" "Cargo.toml" "-Zno-index-update", kill_on_drop: false }`
[INFO] running `Command { std: CARGO_HOME="/workspace/cargo-home" RUSTUP_HOME="/workspace/rustup-home" "/workspace/cargo-home/bin/cargo" "+9610dfe5a9a731ced1ea4923ecbd0c57fe367898" "fetch" "--manifest-path" "Cargo.toml", kill_on_drop: false }`
[INFO] running `Command { std: "docker" "create" "-v" "/var/lib/crater-agent-workspace/builds/worker-7-tc1/target:/opt/rustwide/target:rw,Z" "-v" "/var/lib/crater-agent-workspace/builds/worker-7-tc1/source:/opt/rustwide/workdir:ro,Z" "-v" "/var/lib/crater-agent-workspace/cargo-home:/opt/rustwide/cargo-home:ro,Z" "-v" "/var/lib/crater-agent-workspace/rustup-home:/opt/rustwide/rustup-home:ro,Z" "-e" "SOURCE_DIR=/opt/rustwide/workdir" "-e" "CARGO_TARGET_DIR=/opt/rustwide/target" "-e" "CARGO_HOME=/opt/rustwide/cargo-home" "-e" "RUSTUP_HOME=/opt/rustwide/rustup-home" "-w" "/opt/rustwide/workdir" "-m" "1610612736" "--user" "0:0" "--network" "none" "ghcr.io/rust-lang/crates-build-env/linux@sha256:19e73879b68f455e41552ea35293514db52ea292d993f571636dbffedb77a1ee" "/opt/rustwide/cargo-home/bin/cargo" "+9610dfe5a9a731ced1ea4923ecbd0c57fe367898" "metadata" "--no-deps" "--format-version=1", kill_on_drop: false }`
[INFO] [stdout] 202cb23f49e7d2f1f93f8b7852e380f9e530990ab9e563f5c2b59a5e22ea478a
[INFO] running `Command { std: "docker" "start" "-a" "202cb23f49e7d2f1f93f8b7852e380f9e530990ab9e563f5c2b59a5e22ea478a", kill_on_drop: false }`
[INFO] running `Command { std: "docker" "inspect" "202cb23f49e7d2f1f93f8b7852e380f9e530990ab9e563f5c2b59a5e22ea478a", kill_on_drop: false }`
[INFO] running `Command { std: "docker" "rm" "-f" "202cb23f49e7d2f1f93f8b7852e380f9e530990ab9e563f5c2b59a5e22ea478a", kill_on_drop: false }`
[INFO] [stdout] 202cb23f49e7d2f1f93f8b7852e380f9e530990ab9e563f5c2b59a5e22ea478a
[INFO] running `Command { std: "docker" "create" "-v" "/var/lib/crater-agent-workspace/builds/worker-7-tc1/target:/opt/rustwide/target:rw,Z" "-v" "/var/lib/crater-agent-workspace/builds/worker-7-tc1/source:/opt/rustwide/workdir:ro,Z" "-v" "/var/lib/crater-agent-workspace/cargo-home:/opt/rustwide/cargo-home:ro,Z" "-v" "/var/lib/crater-agent-workspace/rustup-home:/opt/rustwide/rustup-home:ro,Z" "-e" "SOURCE_DIR=/opt/rustwide/workdir" "-e" "CARGO_TARGET_DIR=/opt/rustwide/target" "-e" "CARGO_INCREMENTAL=0" "-e" "RUST_BACKTRACE=full" "-e" "RUSTFLAGS=--cap-lints=forbid" "-e" "RUSTDOCFLAGS=--cap-lints=forbid" "-e" "CARGO_HOME=/opt/rustwide/cargo-home" "-e" "RUSTUP_HOME=/opt/rustwide/rustup-home" "-w" "/opt/rustwide/workdir" "-m" "1610612736" "--user" "0:0" "--network" "none" "ghcr.io/rust-lang/crates-build-env/linux@sha256:19e73879b68f455e41552ea35293514db52ea292d993f571636dbffedb77a1ee" "/opt/rustwide/cargo-home/bin/cargo" "+9610dfe5a9a731ced1ea4923ecbd0c57fe367898" "check" "--frozen" "--all" "--all-targets" "--message-format=json", kill_on_drop: false }`
[INFO] [stdout] 26c55a3b9ce811dd1002479200a1402ad0719f9b0b54868bdf214d3e7765254b
[INFO] running `Command { std: "docker" "start" "-a" "26c55a3b9ce811dd1002479200a1402ad0719f9b0b54868bdf214d3e7765254b", kill_on_drop: false }`
[INFO] [stderr]    Compiling proc-macro2 v1.0.59
[INFO] [stderr]    Compiling quote v1.0.28
[INFO] [stderr]    Compiling syn v1.0.109
[INFO] [stderr]     Checking unicode-ident v1.0.9
[INFO] [stderr]     Checking actix-web-lab-derive v0.19.0 (/opt/rustwide/workdir)
[INFO] [stdout] error[E0433]: failed to resolve: use of undeclared crate or module `actix_web`
[INFO] [stdout]  --> tests/tdd.rs:1:5
[INFO] [stdout]   |
[INFO] [stdout] 1 | use actix_web::{
[INFO] [stdout]   |     ^^^^^^^^^ use of undeclared crate or module `actix_web`
[INFO] [stdout] 
[INFO] [stdout] 
[INFO] [stdout] error[E0433]: failed to resolve: could not find `actix_web_lab` in the list of imported crates
[INFO] [stdout]  --> tests/tdd.rs:7:17
[INFO] [stdout]   |
[INFO] [stdout] 7 | #[derive(Debug, FromRequest)]
[INFO] [stdout]   |                 ^^^^^^^^^^^ could not find `actix_web_lab` in the list of imported crates
[INFO] [stdout]   |
[INFO] [stdout]   = note: this error originates in the derive macro `FromRequest` (in Nightly builds, run with -Z macro-backtrace for more info)
[INFO] [stdout] 
[INFO] [stdout] 
[INFO] [stdout] error[E0432]: unresolved import `actix_web`
[INFO] [stdout]  --> tests/tdd.rs:1:5
[INFO] [stdout]   |
[INFO] [stdout] 1 | use actix_web::{
[INFO] [stdout]   |     ^^^^^^^^^ use of undeclared crate or module `actix_web`
[INFO] [stdout] 
[INFO] [stdout] 
[INFO] [stdout] error[E0433]: failed to resolve: use of undeclared crate or module `actix_web`
[INFO] [stdout]   --> tests/tdd.rs:45:3
[INFO] [stdout]    |
[INFO] [stdout] 45 | #[actix_web::test]
[INFO] [stdout]    |   ^^^^^^^^^ use of undeclared crate or module `actix_web`
[INFO] [stdout] 
[INFO] [stdout] 
[INFO] [stdout] error: cannot determine resolution for the macro `try_join`
[INFO] [stdout]  --> tests/tdd.rs:7:17
[INFO] [stdout]   |
[INFO] [stdout] 7 | #[derive(Debug, FromRequest)]
[INFO] [stdout]   |                 ^^^^^^^^^^^
[INFO] [stdout]   |
[INFO] [stdout]   = note: import resolution is stuck, try simplifying macro imports
[INFO] [stdout]   = note: this error originates in the derive macro `FromRequest` (in Nightly builds, run with -Z macro-backtrace for more info)
[INFO] [stdout] 
[INFO] [stdout] 
[INFO] [stdout] error[E0433]: failed to resolve: could not find `actix_web` in the list of imported crates
[INFO] [stdout]  --> tests/tdd.rs:7:17
[INFO] [stdout]   |
[INFO] [stdout] 7 | #[derive(Debug, FromRequest)]
[INFO] [stdout]   |                 ^^^^^^^^^^^ could not find `actix_web` in the list of imported crates
[INFO] [stdout]   |
[INFO] [stdout]   = note: this error originates in the derive macro `FromRequest` (in Nightly builds, run with -Z macro-backtrace for more info)
[INFO] [stdout] 
[INFO] [stdout] 
[INFO] [stdout] error[E0433]: failed to resolve: use of undeclared crate or module `actix_test`
[INFO] [stdout]   --> tests/tdd.rs:47:15
[INFO] [stdout]    |
[INFO] [stdout] 47 |     let srv = actix_test::start(|| {
[INFO] [stdout]    |               ^^^^^^^^^^ use of undeclared crate or module `actix_test`
[INFO] [stdout] 
[INFO] [stdout] 
[INFO] [stdout] error: aborting due to 7 previous errors
[INFO] [stdout] 
[INFO] [stdout] 
[INFO] [stdout] Some errors have detailed explanations: E0432, E0433.
[INFO] [stdout] 
[INFO] [stdout] For more information about an error, try `rustc --explain E0432`.
[INFO] [stdout] 
[INFO] [stderr] error: could not compile `actix-web-lab-derive` (test "tdd") due to 8 previous errors
[INFO] [stdout] error[E0433]: failed to resolve: use of undeclared crate or module `rustversion`
[INFO] [stdout]  --> tests/trybuild.rs:1:3
[INFO] [stdout]   |
[INFO] [stdout] 1 | #[rustversion::stable(1.64)] // MSRV
[INFO] [stdout]   |   ^^^^^^^^^^^ use of undeclared crate or module `rustversion`
[INFO] [stdout] 
[INFO] [stdout] 
[INFO] [stderr] warning: build failed, waiting for other jobs to finish...
[INFO] [stdout] error[E0433]: failed to resolve: use of undeclared crate or module `trybuild`
[INFO] [stdout]  --> tests/trybuild.rs:4:13
[INFO] [stdout]   |
[INFO] [stdout] 4 |     let t = trybuild::TestCases::new();
[INFO] [stdout]   |             ^^^^^^^^ use of undeclared crate or module `trybuild`
[INFO] [stdout] 
[INFO] [stdout] 
[INFO] [stdout] error: aborting due to 2 previous errors
[INFO] [stdout] 
[INFO] [stdout] 
[INFO] [stdout] For more information about this error, try `rustc --explain E0433`.
[INFO] [stdout] 
[INFO] [stderr] error: could not compile `actix-web-lab-derive` (test "trybuild") due to 3 previous errors
[INFO] running `Command { std: "docker" "inspect" "26c55a3b9ce811dd1002479200a1402ad0719f9b0b54868bdf214d3e7765254b", kill_on_drop: false }`
[INFO] running `Command { std: "docker" "rm" "-f" "26c55a3b9ce811dd1002479200a1402ad0719f9b0b54868bdf214d3e7765254b", kill_on_drop: false }`
[INFO] [stdout] 26c55a3b9ce811dd1002479200a1402ad0719f9b0b54868bdf214d3e7765254b
